 = a - 17. Let j be x(10). What is the remainder when y(j) is divided by h?
5
Let z = -7 - -19. Let h be (z/6)/((-2)/(-4)). Suppose 24 + 8 = h*i. Calculate the remainder when i is divided by 3.
2
Let q = 87 + -37. What is the remainder when q is divided by 13?
11
Let p = -32 - -73. Calculate the remainder when p is divided by 30.
11
Suppose -4*x - 4 = 24. What is the remainder when 60 + -1 + 4 + x is divided by 19?
18
Suppose -4*w = -3*v - v + 92, 3*v - 48 = -4*w. What is the remainder when 39 is divided by v?
19
Let t = 43 - 36. What is the remainder when 52 is divided by t?
3
Let d = -122 - -139. Calculate the remainder when 40 is divided by d.
6
Let h = 12 - 8. Calculate the remainder when -3*(12/(-9) + -2) is divided by h.
2
Let f = 12 + -8. Let h(y) = y**2 + 6*y + 7. Let q be h(-5). What is the remainder when f is divided by (-51)/(-15) + q/(-5)?
1
Suppose 3*q + 8 = -5*t - 23, -4*t - 23 = 3*q. Let n = t + 33. What is the remainder when n is divided by 13?
12
Suppose -2*p - 60 = 3*p. Let q = 17 + p. Suppose 103 + q = 4*u. Calculate the remainder when u is divided by 7.
6
Let x(l) = -l**3 - 3*l**2 + 2*l + 4. Suppose 3*m - m = 0. Suppose f + 89 = 4*h - 47, h - f - 34 = m. What is the remainder when h is divided by x(-4)?
10
Suppose -5*w + 5 = 0, -4*o = -3*o - 5*w - 40. Calculate the remainder when o is divided by 16.
13
Suppose m + 3*u - 5 = 0, 4*m = 2*u + 44 + 4. What is the remainder when 16 is divided by m?
5
Let a(n) = -n**2 - 8*n - 3. Calculate the remainder when 35 is divided by a(-6).
8
Let i = 93 - 195. Let t = 11 + -7. Calculate the remainder when i/(-15) - (-2)/10 is divided by t.
3
Calculate the remainder when 8 is divided by -1 + (8/(-14))/((-5)/35).
2
What is the remainder when 51 is divided by 27/5 - (8/20 - 1)?
3
Let q(f) = f**2 + f + 14. Let x be 0 - (4 - 2 - 2). Let y be q(x). Calculate the remainder when 1 - (2 - y*1) is divided by 5.
3
Suppose -d - 4*w = 6 - 2, 2*w = 3*d - 58. Calculate the remainder when 93*(0 - (-1)/3) is divided by d.
15
Let s = -12 + 15. Calculate the remainder when 11 is divided by s.
2
Let z(n) be the first derivative of 7*n**4 - n**3/3 + n**2 - n + 4. Calculate the remainder when z(1) is divided by 15.
13
Let u = -67 - -116. What is the remainder when u is divided by 26?
23
Let w be 2*(4 + (-11)/2). Let a(i) = -i**3 - 2*i**2 - 4*i - 4. Calculate the remainder when 65 is divided by a(w).
14
Suppose -5*j + 135 = -2*b, 0*j + 2*j = -3*b - 174. Let s = -28 - b. What is the remainder when s is divided by 11?
10
Let o(v) = 2*v**3 + 3*v + 1. Let c(q) = 6*q**3 + 8*q + 3. Let z(w) = 6*c(w) - 17*o(w). What is the remainder when 41 is divided by z(2)?
8
Let y(h) = 6*h. Let c be y(2). Calculate the remainder when 65 + c/(-3) + 1 is divided by 21.
20
Suppose -8 = -l - 0*l. Suppose 0*v + n = 4*v - 125, v - 26 = -5*n. Calculate the remainder when v is divided by l.
7
Let f = 45 + -33. What is the remainder when 82 is divided by f?
10
Suppose 0 = -0*a - 3*a - 21. Let z = a + 25. What is the remainder when 34 is divided by z?
16
Suppose -5*r = 3*h + 2*h + 20, -2*r = -2*h - 12. Let n be (-33)/12 - r/4. Calculate the remainder when (4/2)/(n/(-42)) is divided by 15.
13
Let z(i) = 2*i**3 + 2*i + 1. Suppose -2*u - 3 = 5*q - 3*u, -3*q = -2*u - 1. Let r be z(q). What is the remainder when 20 is divided by 14/(-10)*(-2 + r)?
6
Let j be (15/(0 + -3))/(-1). Suppose 0 = -j*s + 7 + 78. What is the remainder when 32 is divided by s?
15
Suppose -4 = z, -n + 4*n = 5*z + 35. Suppose -3*s = -n*s - m + 120, -3*s - m + 181 = 0. What is the remainder when s is divided by 16?
13
Let q = 34 + -24. Calculate the remainder when 18 is divided by q.
8
Let h(q) = -q + 47. Calculate the remainder when h(12) is divided by 15.
5
Let g be 12/(-5)*(-50)/3. Suppose -3*a + 4*b + 9 = -g, 23 = a - 3*b. Calculate the remainder when 21 is divided by a.
10
Let o = 13 - 0. Calculate the remainder when o is divided by 5*(-1)/2*-2.
3
Let z = -41 + 49. Let w(v) = -v + 2. Let k be w(2). Calculate the remainder when k + 1*(0 - -13) is divided by z.
5
Let p(j) = -2*j**2 + 3*j - 3. Let m be p(2). Let f = m + 19. Calculate the remainder when f is divided by 5.
4
Suppose 3*i - 3*s = 0, -6*i + s + 8 = -3*i. Suppose 5*p - 61 = -3*a, 2*p - i*a - 40 = -0*p. Calculate the remainder when 53 is divided by p.
11
Suppose -3*x + 49 = 3*u - 5, 2*x = 3*u + 21. Suppose -3*h + 76 = -4*n, 3*n + 25 - 3 = h. What is the remainder when h is divided by x?
13
Let i = 10 - 0. Suppose 2*x - 6*x = -108. What is the remainder when x is divided by i?
7
Let m(q) = q**3 + 5*q**2 - q - 2. Let s be m(-5). Let b(o) = -5*o + 2 - s - 5. Calculate the remainder when b(-5) is divided by 10.
9
Let m(u) = u**2 + 13*u + 6. Let r be m(-12). Let h = 40 + -20. What is the remainder when h is divided by 4/r - 70/(-6)?
9
Let z be (-1 + -4)*2/5. What is the remainder when -1 + (-2)/(-2) + 52 is divided by (32 + 4)*z/(-4)?
16
Suppose 5*k - 2*u - 20 = 8, 5*u = -20. Suppose 0*x - 110 = -k*x + 5*j, -3*j = x - 19. What is the remainder when x is divided by 14?
11
Let h = 99 + -70. Calculate the remainder when h is divided by 5.
4
What is the remainder when (56/20)/(6/15) is divided by 5?
2
Let i = 195 + -179. Calculate the remainder when 382 is divided by i.
14
Let r(y) = -y**2 + 4. Let i be r(-2). Suppose 0 = -i*h + h - 81. What is the remainder when h is divided by 28?
25
What is the remainder when -3 + 3 + 20 - -3 is divided by 9?
5
Let b(g) = -g**2 + 8*g + 3. Suppose 0 = -3*n - 4*p + 57 + 37, -4*n + 172 = -4*p. What is the remainder when n is divided by b(7)?
8
Suppose 6*m - 92 = 2*m. Let q = 56 - m. Let f(b) = -3*b - 6. Calculate the remainder when q is divided by f(-6).
9
What is the remainder when 13 is divided by ((-24)/(-9))/(-2)*-3?
1
Let r be (-3 + (1 - -1))*-4. Suppose x + x + 240 = 4*o, -r*o = 3*x - 230. What is the remainder when o is divided by 15?
14
Calculate the remainder when 42 is divided by 54/(-3)*(-3)/6.
6
Suppose -6*s = -9*s + 45. Let q(f) = 132*f**2. Let y be q(1). Suppose -v - 2*v = -y. What is the remainder when v is divided by s?
14
Calculate the remainder when 2/(-4) + 54/12 is divided by (24/(-10) + 2)*-5.
0
Suppose -3*t + 15 = 2*t. Suppose t*w = 4*w - 37. What is the remainder when w is divided by 13?
11
Suppose -i + 6*i = 110. Let t = i - 7. What is the remainder when 58 is divided by t?
13
Let o(p) = 3*p**2 + 2*p + 1. Suppose 2*m = 5*m + 249. Let a = -57 - m. Calculate the remainder when a is divided by o(-2).
8
Let c(v) = 5*v**2 - 20. Calculate the remainder when 236 is divided by c(-4).
56
Let n(g) = -133*g + 1. Let u be n(-1). Suppose 4*p = a + u, 176 = 2*p + 3*p + 3*a. Calculate the remainder when p is divided by 12.
10
Suppose 32 = -4*b + 80. What is the remainder when 20 is divided by b?
8
Let z = 57 + -19. Calculate the remainder when z is divided by ((-3)/2)/((-3)/26).
12
Let w(v) = -v**2 + 9*v - 20. Let l be w(8). Suppose -66 = -s - 5*o, -2*o = 4*s - 2*s - 124. What is the remainder when s is divided by (-196)/(-12) + 4/l?
13
Let j = -10 - -42. Calculate the remainder when j is divided by 11.
10
Suppose -4 = n - 2*n. Let m = n + 8. Calculate the remainder when 47 is divided by m.
11
Let o(r) = -16*r - 5. Suppose -5*l - i + 5*i = -194, 0 = 4*i - 16. Calculate the remainder when l is divided by o(-1).
9
Let g(z) = z**2 - 3*z + 3. Let k(l) = -4*l + 8. Let i(v) = -4*v + 9. Let y(s) = 3*i(s) - 4*k(s). What is the remainder when y(4) is divided by g(3)?
2
Let s = -14 + 36. Calculate the remainder when s is divided by 6.
4
Let m = -3 + 19. Suppose -3*z + 4*c + 73 = 0, 52 + 97 = 4*z + 5*c. Calculate the remainder when z is divided by m.
15
Let g be 14 + 1 + -1 + -1. Suppose 2*h - 35 + g = 0. Let y(f) = 3*f + 11. What is the remainder when y(7) is divided by h?
10
Let c = 370 - 358. Suppose -4*r - 2*o = -190, -r + 4*o - 11 + 36 = 0. Calculate the remainder when r is divided by c.
9
Suppose -4*l - n + 48 = 3*n, 5*l + n = 48. Let w(k) = k**3 + 5*k**2 - 8*k + 5. Calculate the remainder when w(-6) is divided by l.
8
Let y = 55 + -53. Let k = -3 - -4. Calculate the remainder when y is divided by k.
0
Let x = -1 - 0. What is the remainder when ((-36)/60)/(2/(-30)) is divided by 6/x*4/(-6)?
1
Suppose 16 = -3*k + 37. What is the remainder when 33 is divided by k?
5
Let v(i) = i**3 -